h + h + 2*o - 1886 = 0, 4*o - 931 = -h. What is the units digit of h?
7
What is the hundreds digit of 539 + 2 + (-1 - 1)?
5
Let o(a) be the first derivative of 8*a**3/3 - 6*a**2 - a - 3. Let u be o(6). Let x = -143 + u. What is the units digit of x?
2
Let m be (-74)/(3 - (2 - -2)). Suppose x = -5*s + 3*x + m, 2*x = -4. Suppose -2 = -u + s. What is the tens digit of u?
1
Suppose 0 = -21*t + 6*t + 16710. What is the tens digit of t?
1
Let u(y) = -644*y**3 + 3*y**2 - 1. What is the units digit of u(-1)?
6
Let h(z) = -40*z - 36. What is the hundreds digit of h(-12)?
4
Let z = -1386 + 2510. What is the thousands digit of z?
1
Let o = 99 - 64. Suppose -2*z = 5*f - 35 + 117, z + 86 = -5*f. Let d = o + f. What is the units digit of d?
7
Let w(o) = -o**3 + 2*o**2 + 4*o - 1. Let c be 0 - (-3 + 2)/((-2)/10). What is the tens digit of w(c)?
5
Suppose n + 16 = 2*x, 5*n - 16 = 2*x - 64. Let s be 17/(-8) + (-1)/n. What is the units digit of (288/45)/(s/(-10))?
2
Suppose 2*w = -46 + 6. Let m = 16 - w. What is the units digit of m?
6
Let g be -2*(-3)/(-18)*51. Let l = 10 - g. What is the units digit of l?
7
Let h(b) = -b**2 - 9*b - 1. Let d be h(-4). Suppose 0 = 2*k + 5*g + 39, 2*k - 2*g = -0 - 4. Let v = k + d. What is the units digit of v?
2
Let z(w) = -w**3 + 14*w**2 - 2*w + 30. Let c be 1*17 - (-72)/(-18). What is the tens digit of z(c)?
7
Let v be 1 + 5 + -3 - 1. Suppose 2*o + 5 = -3*m + 13, 4*o + v = 3*m. What is the units digit of o?
1
Let b(v) = v**2 - 6*v - 17. Suppose 3*g = 3*o + 30, -3*g + 38 = 6*o - 7*o. What is the tens digit of b(g)?
9
Suppose -4 = -0*r - r. Suppose -q - 5*b + 90 = 0, -4*q + 2*b = r*b - 288. What is the units digit of q?
0
Let m be 3 - (-2 - 1) - 0. Suppose -m*y = -3*y - 9. Suppose -y*b = -4*b + 15. What is the units digit of b?
5
Let a be 91/14 - (-2)/(-4). Let m be 2/a*(7 - -2). Suppose -3*q + 5*b + 16 = 0, 0 = -q - 4*b + m*b. What is the units digit of q?
2
Let p = -369 - -681. What is the tens digit of p?
1
Let v(t) = t**2 - 5*t + 4. Suppose 113 = 5*x + 2*a, 2*a + 0*a - 29 = -x. Suppose 5*s + j - x - 5 = 0, 5*j = s. What is the units digit of v(s)?
4
Let f(b) = -b**3 + 4*b**2 + b + 1. Let d be f(4). Suppose 3*h - 5*q - 50 = 105, -d*h - 4*q + 320 = 0. What is the units digit of h?
0
Let d(t) = -t**3 + 11*t**2 + t - 12. Let o be d(11). What is the units digit of o/(-2)*(-10 + 54)?
2
Suppose 242*f = 247*f + 25, -5*a + 3480 = 5*f. What is the hundreds digit of a?
7
Let b be (-12)/10 + 5/25 - 7. Let s(a) = a**2 + 2*a. What is the units digit of s(b)?
8
Suppose 0 - 5 = -2*w - 3*r, 4*w = -r + 15. Let h = 8 + w. What is the units digit of h?
2
Suppose 0 = 5*b + 20, -5*c + 2*b - 5 = 2. What is the tens digit of 38*2*c/(-6)?
3
Suppose l = 5*z - 1675, 4*z + 2*l - 129 - 1197 = 0. What is the units digit of z?
4
Suppose 0 = 2*l - 5*t - 516 - 112, -2*l + 644 = 3*t. What is the units digit of l?
9
Suppose -1 = -2*j + 3, -2*o - 3*j = -4926. What is the hundreds digit of o?
4
Suppose j - 5 = 0, -2*b + j + 3*j - 6 = 0. Let a(q) = b + 0*q + 2*q - q. What is the units digit of a(6)?
3
Let c be 4/8*0/1. Suppose c = -2*t + w + 14, -3*t = -3*w - 18 - 0. What is the tens digit of (20/(-1))/((-8)/t)?
2
Suppose 5*z + 20 = 4*r, 0*r + 5 = r - 5*z. Suppose x + 48 = r*x. What is the tens digit of 2/8 - (-369)/x?
3
Suppose -4*x = 3*s - 1814, 5*x + 995 = 3*s - 828. Suppose 0 = 6*u - s - 30. What is the units digit of u?
6
Let b = -107 + 320. What is the tens digit of b?
1
Let t(g) = -16*g**3 + 18*g + 77. What is the tens digit of t(-4)?
2
Let n = 200 - -121. Suppose -3*c + m = -279, 0 = 3*c - 2*m - n + 42. What is the tens digit of c?
9
Suppose 13*y - 17*y = -6268. What is the tens digit of y?
6
Let v be 60/(-40) + 123/2. Suppose 2*r - 22 = -7*l + 6*l, -5*r = 5*l - v. What is the units digit of r?
0
What is the tens digit of -3 + 6 + (-2 - -568)?
6
Let r(u) = -122*u**3 - u**2 + 6*u + 21. What is the tens digit of r(-3)?
8
Let r(h) = -h**2 - 3*h. Let t be r(-4). Let v be (21/14)/(3/t). What is the units digit of (-13)/(v/4*2)?
3
What is the thousands digit of ((-12)/10)/(2/(-1900))?
1
Suppose 2*g + 3*i = -19, -3*g - 50 - 7 = -5*i. What is the hundreds digit of 58/((g/6)/(-7))?
1
Let i(w) = w**3 + 10*w**2 + 9*w + 5. Let p be i(-9). Suppose 2*o + 0*v = -2*v + 298, -p*o = -5*v - 755. What is the hundreds digit of o?
1
Let k(x) = -x**3 - 16*x**2 - 6*x + 14. Let c be k(-17). Suppose 2*s + s + 2*t = -243, -t + c = -5*s. Let p = s + 142. What is the tens digit of p?
6
Let s(h) = 10*h**3 + 2*h**2 - 12*h + 1. What is the hundreds digit of s(3)?
2
Let k = -105 - -107. Let i = -2 - -2. Suppose -k*n + 32 = -i*n. What is the tens digit of n?
1
Suppose 2656 - 15280 = -16*u. What is the hundreds digit of u?
7
Let y(a) = 3*a - 10. Suppose 0 = -o - 11 + 6. Let i be 9/(-3) - -4 - o. What is the units digit of y(i)?
8
Let j(m) = 71*m**3 - m**2 - 28*m + 84. What is the tens digit of j(3)?
0
Suppose 0 = -2*i + 5*i. Suppose 12*l - 6*l - 264 = 0. Suppose -2*w - l = -4*o - 6*w, i = -2*o + 2*w + 22. What is the tens digit of o?
1
Let h(d) = -d**3 + 23*d**2 + 24*d + 22. Suppose 0 = -5*a - 25, 6 + 57 = 2*t - 3*a. What is the units digit of h(t)?
2
Let a(c) = c**2 - 8*c + 11. Let x be a(7). Suppose -x*f + 201 = -f. What is the tens digit of f?
6
Let j(q) = -6*q + 11. Let f be j(-5). Suppose -f = 2*r + 19. What is the units digit of 5/r + 157/6?
6
Let w(d) be the third derivative of 13*d**5/60 + d**4/8 + d**3/3 - 8*d**2. Let s be w(-1). What is the units digit of s/16 + (-42)/(-8)?
6
Let j(n) be the third derivative of -n**6/120 + 3*n**5/20 + 7*n**4/24 + 2*n**3 - 10*n**2. What is the units digit of j(9)?
5
Let m = -33 - -105. Let o = 7 + m. What is the tens digit of o?
7
Let l(a) = -a**3 - 19*a**2 + 25. What is the tens digit of l(-19)?
2
Let u = -47 - -42. What is the tens digit of (-4)/10*-58*u/(-2)?
5
Let c = 58 + 28. Suppose h - 58 - c = 0. What is the hundreds digit of h?
1
Let m = -1780 - -6069. What is the tens digit of m?
8
Suppose -1687 = -95*i + 88*i. What is the units digit of i?
1
Suppose -s = -2*s. Suppose s = r - 3*r. Suppose 4*y = -r*y + 148. What is the units digit of y?
7
Suppose 7*j = 3910 + 815. What is the hundreds digit of j?
6
Let q(i) = i**2 + 3*i + 1. Let k = -37 + 43. What is the tens digit of q(k)?
5
Let z(s) = s**3 + 7*s**2 + 3*s + 8. Let u be z(-7). Let d = u + 15. Suppose -5*o + d*y = -72, 4*o + 4*y - 24 = 2*o. What is the units digit of o?
4
Suppose -4*w + 341 = -615. Let k = 35 - w. Let i = -129 - k. What is the units digit of i?
5
Suppose -2*t + 434 = 3*t - q, -3*t = -2*q - 266. Let i = -9 + t. What is the tens digit of i?
7
What is the hundreds digit of ((-543)/4)/((-98)/1568)?
1
Suppose 2466 = 27*u - 18*u. What is the hundreds digit of u?
2
Let g = 14 + -9. Let r(f) = -23*f - 11. Let s(x) = -10*x - 6. Let v(t) = 3*r(t) - 7*s(t). What is the units digit of v(g)?
4
Suppose 4*y - 6*y = -4*w - 34, -52 = 4*w + 4*y. Let r be ((-828)/45)/(2/w). Let o = r + -66. What is the tens digit of o?
2
Suppose -5*h + 34 = -3*h + 2*v, -3*h + 3*v = -51. Suppose -10 = -i + 1. Suppose 5*o = -0*p - 4*p - h, 3*p - o - i = 0. What is the units digit of p?
2
Suppose 0*a + 25 = -5*a, 0 = l - 4*a - 708. What is the units digit of l?
8
Let u(r) = 23*r - 31*r + 4 + 7*r - r**2. Let b(w) = w**2 + 9*w. Let m be b(-9). What is the units digit of u(m)?
4
Suppose 791 = 5*w + 211. Suppose -y - w = -5*y. What is the tens digit of (-3)/(y/(-26) + 1)?
2
Let f(u) = -4*u**2 + 3*u - 5. Let y be f(2). Let g(t) = -t**3 - 16*t**2 - 17*t - 12. What is the tens digit of g(y)?
1
Suppose -d - 2 = -2*d. Let c = d - -14. What is the tens digit of c?
1
Suppose 0 = 4*w - 5*i - 4856, -3*w - 3*i + 1304 = -2365. What is the units digit of w?
9
What is the units digit of 7/(-1) - (24 + -541)?
0
Let h = -1570 + 3096. What is the units digit of h?
6
Let l(g) be the second derivative of -g**4/24 + 17*g**3/2 - 3*g**2/2 - 3*g. Let i(n) be the first derivative of l(n). What is the tens digit of i(0)?
5
Let j be (2 - -17)/((-45)/(-21) - 2). Suppose 0 = 4*x - 4*b - 581 - 23, -j = -x - 5*b. What is the hundreds digit of x?
1
Let n = -1509 + 3358. What is the units digit of n?
9
Let f = 108 - -125. Suppose 4*w = -7*t + 5*t - 230, -3*t - f = 4*w. What is the units digit of 1/(3/(1 - w))?
9
Let a(r) = 182*r + 8. Let 